*p + 2*s - 1432 = 0. Is p a multiple of 20?
True
Let x be (3 - 5)*(0 + -3). Let r(w) = 7 - 4*w - 5*w**2 - 4*w**3 - 1 + 5*w**3. Does 9 divide r(x)?
True
Suppose 0 = 3*f - 5*s - 19, 3*s - 8 = -5*f + 35. Let i(a) = a**3 - 8*a**2 + a - 6. Let l be i(f). Is 7 a factor of (-4)/(-1) - l - -20?
False
Suppose 5*j = 2*q + 15, 0 = -3*q + 2*j + j. Suppose -53 = -o - q. Is 13 a factor of o?
False
Let r(m) = 21*m**2 + 5*m + 8. Is 14 a factor of r(-3)?
True
Let z = 196 + -82. Is z a multiple of 38?
True
Let s(z) = -z**2 + 2*z + 3. Let i be s(3). Suppose -3*n - 78 = -5*q, 5*q + i*n - 74 = 4*n. Is 9 a factor of q?
True
Let c be ((-2)/6)/((-1)/6). Let b be -1*(-2 - (c + -4)). Suppose 4*d - 16 - 32 = b. Is 6 a factor of d?
True
Suppose 3*h - 12 = 36. Is 6 a factor of h?
False
Suppose 10 = 5*i + 3*v, 2*v = -3*i + v + 10. Suppose -i*y + 237 = -4*m, -2*y - m = 4*m - 75. Is y a multiple of 15?
True
Is 19 a factor of (-1350)/(-70) - (-2)/(-7)?
True
Does 8 divide 3/15 + (-117)/(-15)?
True
Let a be (4 - 1)*(-1 + -77). Is (-9)/2*a/27 a multiple of 13?
True
Is 6/(2 + 1) + 2 even?
True
Let q be 3 + -1 + (-2 - -4). Suppose 3 = -5*x - 4*a - 3, q*x = -4*a - 8. Suppose 3 = t + 4*f - 31, -5*t = -x*f - 60. Is t a multiple of 5?
False
Suppose 2*c - 285 + 37 = 0. Does 31 divide c?
True
Let d(u) be the third derivative of -u**5/60 + u**4/3 + 3*u**3/2 - 3*u**2. Let r be d(7). Suppose 60 = 4*b - r. Is 10 a factor of b?
False
Let h(y) = 19*y + 4. Is h(4) a multiple of 16?
True
Suppose -7*d + 149 - 30 = 0. Does 9 divide d?
False
Let v(l) = -2*l**3 - l**2 + 3*l + 1. Let n be v(-2). Suppose 2*b - 7 - 4 = -w, 3*w = 4*b - n. Suppose 3*m = -b*h + 5*h + 23, -m - 5*h - 3 = 0. Does 7 divide m?
True
Suppose 4*o - 533 = -5*k, k - 3*o = o + 97. Is k a multiple of 15?
True
Let y be ((-4)/6)/(10/(-75)). Let b = y - -5. Does 9 divide b?
False
Let r(y) = -y - 2. Let o be r(2). Let u = -5 + 14. Let i = u + o. Is 5 a factor of i?
True
Suppose 0*p = -p + 2*f + 55, -4*f - 200 = -4*p. Does 3 divide p?
True
Let s(d) = -38*d + 4. Is s(-2) a multiple of 20?
True
Let o(k) = 9*k**2 + 3*k. Let i = 6 - 9. Let w be o(i). Is (-1)/(-1 - (-70)/w) a multiple of 13?
False
Suppose 0 = 2*c + l - 1 - 10, -5*l + 23 = 2*c. Suppose 2*m = 5*o + c, -3*m - 5*o + 4 - 23 = 0. Does 15 divide (18/(-12))/(m/64)?
False
Suppose 4*z = -d - 12, -d + 5*d - 5*z = 15. Suppose 1 = t, 2*x + 5*t = -d*t + 11. Suppose 3*m - 24 = m + x*f, 3*m + f - 14 = 0. Is 5 a factor of m?
False
Suppose 0 = -5*f - 3*o - 36, 5*o = 2*f - 4*f - 22. Let x be (-4 - -5)/(2/f). Is 32 - (-1)/(-2 - x) a multiple of 10?
False
Let m(z) = z**3 + 19*z**2 - 25*z - 5. Is 28 a factor of m(-20)?
False
Let r = 6 + -5. Let u(l) = 4*l + l - 29*l**3 - 3*l + 2*l**2 + r. Does 15 divide u(-1)?
True
Let g(f) = -f**3 + 6*f**2 - 5*f + 4. Let p be g(5). Suppose 0*l + 16 = p*l. Does 10 divide 38/4 - l/(-8)?
True
Suppose 6*a - 65 = a - 3*s, 2*s + 52 = 4*a. Does 13 divide a?
True
Suppose 2*y = 3*q + 6 - 0, 5*y - 2*q = 26. Suppose -3*d + 19 = 2*z - y*d, 5*z + 3*d + 5 = 0. Suppose 0 = z*b + b - 78. Does 13 divide b?
True
Suppose 6*c - 8 = -j + 3*c, 0 = 3*c. Is 2/(-8) + 50/j a multiple of 3?
True
Let t(j) = -j**2 - 3*j + 2. Suppose 0 = -3*m + 5*y + 1, -y = -4*m + 2*y - 6. Let o be t(m). Suppose 0 = -2*u + 12 - o. Is 5 a factor of u?
True
Let k = -7 - -12. Suppose -3*l - 48 = -5*l - 5*u, -5*l - k*u = -90. Is 5 a factor of l?
False
Let p be 1 + 1 - 3 - -5. Suppose -35 = -5*i - 2*d - 11, -p*i = -d - 14. Suppose i*j = -f + 6, f - 2*j - 6 = -0*f. Does 3 divide f?
True
Let v(g) = g**2 - 1. Let i(b) = 5*b**2 - 5*b + 2. Let y(w) = -i(w) + 6*v(w). Let m be y(-6). Let t = m + 10. Does 7 divide t?
False
Suppose 0 = 2*a - 4*l - 0*l - 132, -4*a = -2*l - 264. Does 7 divide a?
False
Let a(y) be the second derivative of -3*y**5/20 - y**4/3 - y**3/6 - 2*y**2 + y. Is a(-3) a multiple of 16?
False
Let x = 7 - 7. Suppose 0 = 2*y - 4 - 6, -140 = -5*j - 2*y. Suppose x = -2*f - 3*t + j, 3*t + 9 = 2*f - 29. Does 10 divide f?
False
Let b(a) = -3*a**2 - 6*a + 3. Let o be b(-5). Suppose -5*z - 86 = -z + w, 2*w = 4. Let x = z - o. Is 10 a factor of x?
True
Let f(p) = -p**2 - 3*p + 5. Let z be f(-4). Let c(t) = -t + 1. Let y be c(z). Suppose 0 = 2*w - y - 12. Does 4 divide w?
False
Suppose -3*u - 37 + 199 = 0. Suppose g + 24 = o, 4 = 2*o - 6*o. Let a = u + g. Is a a multiple of 11?
False
Suppose -j + 10 + 66 = 0. Is j a multiple of 13?
False
Suppose 5*q + 6*w = 2*w + 19, -w = -5*q + 14. Suppose -s - 3*v = -22, -77 = -2*s + q*v + 2*v. Is s a multiple of 8?
False
Suppose 7*h = 5*h + 36. Does 18 divide h?
True
Let j(b) = -b + 16. Let w be j(11). Suppose -5*v + 5 = s, v + 4*v + 2*s = 0. Suppose -v*h - 57 = -w*h. Is h a multiple of 14?
False
Suppose 324 = k + 3*k. Suppose 3*a = 2*y - 20, -a = 2*y - 0*a - 4. Suppose -y*z + k = -z. Is z a multiple of 9?
True
Suppose -2*a = 4*j - 3 - 29, 2*a - 2 = j. Let s be -1*(-3)/j*-6. Does 16 divide (32/10)/(s/(-15))?
True
Let u be 125 + (-2)/(-6)*0. Let v = u + -81. Is v a multiple of 25?
False
Let y be (-2 + -19)*(-2)/6. Suppose y = 4*h - 41. Is 12 a factor of h?
True
Let a(s) = -s - 7. Let h be a(-5). Let i be h/1 + 32/1. Suppose q - j = -q + i, -q = -5*j - 33. Is q a multiple of 5?
False
Suppose 0 = -r + 11 - 5. Is 2 a factor of r?
True
Suppose -2*b + 22 + 64 = 0. Does 12 divide b?
False
Let u(c) = -c**3 - 9*c**2 - 7*c + 20. Does 37 divide u(-10)?
False
Let y(v) = 12*v**2 - 2*v + 8. Does 12 divide y(4)?
True
Suppose 3*m = 3*a - 57, 0*a - 5*m = -3*a + 61. Let b = -6 + a. Does 11 divide b?
True
Suppose -7*y + 222 = -y. Is y a multiple of 22?
False
Is 2 a factor of (2 - -1)/((-2)/(-4))?
True
Suppose 3*u - 5*r = 2, -4*r + 6 = -u - 5. Does 2 divide u?
False
Let x(v) = -5*v + 0*v + 6*v - 6*v**3 + 2*v**2. Does 5 divide x(-1)?
False
Let w = 118 - 64. Is 15 a factor of w?
False
Let l be -1*0*1/4. Let s = 28 + l. Does 13 divide s?
False
Let v = 9 - 7. Let b(z) = z**2 - 5*z + 5. Let c be b(5). Suppose -2*i + v*m + 90 - 38 = 0, 3*i - c*m - 70 = 0. Does 21 divide i?
False
Let w = 39 + 18. Is 19 a factor of w?
True
Suppose 5*x = 4*g - 147 + 45, -x + 86 = 3*g. Is g a multiple of 3?
False
Suppose 5*i + 20 = 2*m, 2 + 7 = 3*m + 3*i. Suppose -5*p - 5 = 0, 5*p - m + 0 = 5*d. Does 13 divide (-1 - 3)/(d/13)?
True
Let j(t) = -7*t**3 - t**2 + 7*t + 9. Does 11 divide j(-3)?
False
Suppose 7 = 3*q + 1, -5*k - q = -387. Does 8 divide k?
False
Let n(o) = o**3 + 7*o**2 - 10*o - 8. Let c be n(-8). Suppose -s + 2 = -c. Suppose t - 35 + s = -w, 5*t = w + 95. Is 15 a factor of t?
False
Suppose 0 = 3*m - 5*m + 54. Is m a multiple of 9?
True
Let t(v) = -v**3 - 5*v**2 + 3*v - 8. Let h be -3 + 6/4*-2. Let k be t(h). Is 115/k - (-2)/4 a multiple of 4?
True
Let t(h) = h**3 - 6*h**2 + 5*h. Let s be t(4). Let w = s - -38. Let b = w - 8. Is b a multiple of 15?
False
Let i(y) = y - 3. Let z be i(3). Let j be (6/(-9))/((-1)/42). Suppose z = 2*o + 2*o - j. Does 2 divide o?
False
Does 17 divide 2*(-2)/(-22) + (-185)/(-11)?
True
Let s(z) = -z**3 + 4*z**2 + 2*z - 4. Let y be s(4). Suppose -3*j = 4*v - y - 19, 0 = 4*j - 2*v - 16. Suppose -2*u + j + 19 = 0. Does 6 divide u?
True
Let q = 96 - 56. Let t be 1 - 3/((-6)/28). Suppose 0 = -5*g + t + q. Is 8 a factor of g?
False
Is 11 a factor of 1/(-1)*(-287 - 17) - -4?
True
Let x(h) be the second derivative of 0 - 1/20*h**5 - 1/2*h**3 - 2*h - 7/2*h**2 + 7/12*h**4. Is x(6) a multiple of 8?
False
Is 16 a factor of (9/3)/((-6)/(-104))?
False
Let t be (6 + -8)/(2/(-4)). Let i = -2 - -2. Suppose i = -c - 1, -4*c + 110 = -x + t*x. Does 16 divide x?
False
Suppose 4*g = 8, 2*u + 4 = 5*g - 2. Is 10 a factor of u/(-4)*-6 - -27?
True
Suppose 2*r + r - 4*g + 13 = 0, -19 = r - 5*g. Does 5 divide (-1 - r)/((-2)/5)?
True
Let z = 19 - 15. Let p = z - -13. Is 6 a factor of p?
False
Suppose 0 = -2*j + 3*k - 6, 5*k - 10 = -j + 2*j. Let x = j - -13. Is 13 a factor of x?
True
Is 257 + (-3 - -1)*2/1 a multiple of 23?
True
Let k be ((-4)/5)/((-2)/30). Suppose -k = -x - 1. Is x a multiple of 5?
False
Let h(b) = 3*b**2 + 9*b + 1. Is 7 a factor of h(-5)?
False
Suppose 2*u = -4*z + 2, 4*u - 14 = z + 17. Let l(f) = 5*f - 3. Is l(u) a multiple of 11?
False
Let j = -2 - -4. Suppose 2 = j*f - 6. Does 10 divide ((-5)/f)/(8/(-192))?
True
Let t be ((-1)/(-1))/(2/(-18)). Suppose -63 - 15 = -3*p. Let y = p + t. Does 5 d